3 is divided by n?
11
Let l be 429/2 - 1/(-2). Suppose -2*m = -4*u - 224, -u - l = -m - m. Suppose -d - 3*d + 48 = 0. Calculate the remainder when m is divided by d.
10
What is the remainder when ((-40)/(-84) + (-46)/322)/((-2)/(-1134)) is divided by 157?
32
Let t(o) = 5*o**2 - 10 - 9*o + o**3 - 6*o**2 + 14*o**2. Let d = -15149 + 15136. What is the remainder when t(d) is divided by 54?
53
Let j = 1667 + 387. Calculate the remainder when j is divided by 121.
118
What is the remainder when (-16)/6*124713/(-372) + 0 is divided by 31?
26
Suppose 0 = -z - 3*d + 6, 8*d + 30 = z - 75. What is the remainder when 863 is divided by z?
5
Let d be ((-4)/(-12))/((-3)/(-45)). Suppose 0 = h, 3*g + 540 = 8*g + d*h. Let z = -101 + g. Calculate the remainder when 39 is divided by z.
4
Calculate the remainder when 63 is divided by -5 + (1016/28 - 24/84).
1
Let o = 242 - 556. Let v = -293 - o. Calculate the remainder when 291 is divided by v.
18
Let q = 221 + -220. What is the remainder when (-1042)/(-4) - (-24)/(-16)*q is divided by 26?
25
Let v(h) = h**3 + 84*h**2 - 210*h - 12083. What is the remainder when v(-84) is divided by 109?
107
Let p(x) = -36*x + 4 - 34*x + 65*x. Suppose 5*m = -3*r - 23, 5*m + 37 = 2*m + 4*r. What is the remainder when p(m) is divided by 8?
7
Suppose -4*a = -6*a + 44. Let p(t) = t**2 + 9*t - 19. Calculate the remainder when p(-15) is divided by 128/7 + a/(-77).
17
Let y be 5 - 2 - (-3 - -4). What is the remainder when ((-72)/(-42))/(y/7) is divided by (1 + -1 + -3)/(6/(-8))?
2
Suppose -84551 - 1664844 - 1666169 = -388*f. Calculate the remainder when f is divided by 7.
4
Let w(x) = -5*x + 65. Let l(q) = q**3 - 24*q**2 + 6*q - 116. What is the remainder when w(-5) is divided by l(24)?
6
Let j(r) = -r**3 + 24*r**2 + 25*r + 13. Let l = 174 + -149. Calculate the remainder when 112 is divided by j(l).
8
Suppose -436*j = -446*j + 660. Suppose 0 = -2*p + 5*y + 1451, -6*y - 1 = -5*y. What is the remainder when p is divided by j?
63
Let a be (48/(-32))/(3/(-8)). Suppose -2*q - a*m + m = -68, -20 = -5*m. Calculate the remainder when q is divided by 9.
1
What is the remainder when 328 is divided by 4/(-2)*(60 - 88)?
48
Let u = -4847 + 6907. Let j(a) = a**2 - 4*a - 2. What is the remainder when j(-7) is divided by u/55 + 36/66?
37
Suppose -4172 = -429*m + 280*m. Calculate the remainder when 0 - 1 - -477 - 1 is divided by m.
27
Let z be 7/((-54)/(-12) + (-4)/1). Suppose 4*q - z = 6. Suppose -23 + 38 = q*p. Calculate the remainder when 6 is divided by p.
0
Suppose 6*p + 3*q = 2*p + 27, 16 = -3*p + 5*q. Suppose -7*f = -8*f + 4*r + 45, 3 = -p*r. What is the remainder when 284 is divided by f?
38
Let i = -69 + 74. Let f(t) = -t**3 + 6*t**2 - 5*t + 2. Let d be f(i). Suppose d*a - 73 - 83 = 0. What is the remainder when a is divided by 20?
18
Let m = 5872 + -5837. What is the remainder when 522 is divided by m?
32
Let c(t) = -t**3 + 66*t**2 + 355*t + 105. What is the remainder when 5771 is divided by c(71)?
101
Let v = -7344 - -20600. Calculate the remainder when v is divided by 15.
11
Suppose 8*s - 28*s + 11000 = 0. What is the remainder when s is divided by 15?
10
What is the remainder when 651 is divided by ((-186)/(-48))/(79/5688)?
93
Let j be 5366/30 - 2/(-15). Let l = 220 - j. Calculate the remainder when 128 is divided by l.
5
Suppose 74*t + 8*t + 23847 = 79853. Calculate the remainder when t is divided by 62.
1
Suppose -5*c + 5*i + 50 = -30, -3*c - 4*i + 90 = 0. Calculate the remainder when 1275 is divided by c.
21
Suppose 12*k + 5*y = 9*k + 395, -4*k + 555 = y. Let p = 252 - k. What is the remainder when p is divided by 39?
34
Let f(o) = 8 - 2 + 2 - 5*o + 10. Let x be f(4). What is the remainder when 50 is divided by 4/3*6*x/(-1)?
2
Let c(y) = -y**2 - 35*y - 191. Let u(g) = 3*g**2 - 4*g + 13. What is the remainder when u(6) is divided by c(-8)?
22
Suppose 2066*j - 10904 = 18461 - 10771. Calculate the remainder when (8/20)/((-2)/(-510)) is divided by j.
3
Let f = -297 + 319. What is the remainder when f is divided by -6 + 6 - (-5)/1?
2
Suppose -2*n + 206 = -2*c, 91 = -c - 11*n + 8*n. Let x = -7 - c. Calculate the remainder when x is divided by 24.
21
Let i(x) = 113*x + 99 - 57*x - 39*x. Let m = 150 + -100. Calculate the remainder when m is divided by i(-5).
8
Suppose -18*j = -381 - 1761. Calculate the remainder when j is divided by 1/4 - (-118)/8.
14
Let g(m) = 32*m - 10*m**2 + 9*m**2 - 16 - 5*m. What is the remainder when 67 is divided by g(26)?
7
Suppose -13*q + 325 = 6*q - 6*q. Calculate the remainder when 2196 is divided by q.
21
Let q(z) = -2*z**2 - 27*z - 28. Let g be q(-8). Suppose 3*d - 267 = -5*m, 2*d - g - 203 = -5*m. What is the remainder when m is divided by 14?
9
Suppose -4*b + 13 = 2*x - 11, 0 = 5*b + 5*x - 40. Suppose -3*z = b*h - 146, -3*h + z = -z - 118. What is the remainder when 146 is divided by h?
32
Suppose -x = 11 - 72. Let l(o) = -o**3 - 16*o**2 - 17*o + 10. Let n be l(-15). Suppose n = -2*f + 56. Calculate the remainder when x is divided by f.
5
Let i = 24 - 14. Suppose -565 - 77 - 198 = -35*s. What is the remainder when s is divided by i?
4
Suppose -339*g + 342*g + 390 = 0. Let s = 42 - g. What is the remainder when s is divided by 29?
27
Suppose 30 = 5*a + a - 54. Suppose -o - 245 = -6*o. What is the remainder when o is divided by a?
7
Let d be 75/(-9) + 8 + (-1982)/(-6). Suppose -d = -9*o - 123. What is the remainder when 111 is divided by o?
19
What is the remainder when 2238 is divided by (-1066)/246 - 253/(-3)?
78
Suppose 0 = -2*x + 2*u + u + 976, -4*x + 3*u + 1958 = 0. Suppose 0 = -2*w + 3*d + 85, 0*w - 4*d = -3*w + 126. What is the remainder when x is divided by w?
35
Let q(u) = 2*u**3 + 3*u**2 - 2*u. Let p be q(1). Suppose 9 + 6 = -3*g, -263 = -p*y - 5*g. Calculate the remainder when y is divided by 25.
21
Suppose 0*w = -3*w + 9, -4*x - 75 = -w. Let b = 17 - x. Suppose 0 = -15*o + 18*o + 2*y - 53, -4*y - 46 = -2*o. Calculate the remainder when b is divided by o.
16
Calculate the remainder when 1027 is divided by (-2156)/(-21)*1 + (-2)/(-2 + -4).
100
Let b = -3579 - -3704. What is the remainder when b is divided by 36?
17
Let z = -3387 - -3400. What is the remainder when 840 is divided by z?
8
Let s = 2515 - 1804. Calculate the remainder when s is divided by 143.
139
What is the remainder when 144 is divided by (5 + 0 + 1)*34/(-816)*-8?
0
Let b(k) be the first derivative of 19*k**4/2 - 2*k**3/3 - k**2 + 3*k + 58. What is the remainder when 72 is divided by b(1)?
35
Suppose 2*d - 5 = -5*t - d, 2*t - 2 = 5*d. Let w = 102 + 214. Calculate the remainder when w is divided by ((-53)/3)/(t/(-3)).
51
Suppose -263 = -12*h + 109. What is the remainder when 115 is divided by h?
22
Let a be -5*(0 - (-55)/25 - -2). Let d = a - -25. What is the remainder when 11 is divided by d?
3
Let v(o) be the first derivative of o**3/3 - 4*o**2 - 34*o - 94. What is the remainder when 214 is divided by v(13)?
28
Let p be ((-6)/12)/((-6)/(-276)). What is the remainder when 5 is divided by (p/(-46))/((-1)/(-6))?
2
Let b(m) = 80*m**2 - 10*m + 3. Let z(c) = 39*c**2 - 4*c + 1. Let r(i) = -2*b(i) + 5*z(i). Calculate the remainder when 96 is divided by r(1).
28
Let c be (40/((-80)/(-10)))/(5/2). Suppose -4*g - 36 = -0*i - c*i, -5*g + 15 = 5*i. Calculate the remainder when 39 is divided by i.
7
Let h(s) = s**3 + 53*s**2 + 651*s - 6. Calculate the remainder when h(-20) is divided by 23.
13
Calculate the remainder when (-113859)/(-108) + 35/20 + 1/1 is divided by 180.
157
Suppose 138*k - 137*k = 3*y + 236, -k + 240 = -5*y. What is the remainder when 695 is divided by k?
5
Suppose 14 = -260*m + 262*m. Suppose 4*t - 9 - 45 = -v, 0 = 3*v - 2*t - 92. Calculate the remainder when v is divided by m.
6
Suppose 3*x - 567 = -138. Let s be -8*(-11)/264 + (-14)/(-3). Suppose 0 = -3*i + 4*v + 104, -s*v - x + 34 = -3*i. What is the remainder when i is divided by 15?
13
What is the remainder when ((-6)/(-5))/(14 + 65113/(-4655)) is divided by 29 - -1 - (12 - 11)?
11
Suppose -3*s = j - 256 - 31, j = -5*s + 475. Suppose 4*f - 118 = 5*y, -3*f + 363*y + 92 = 361*y. Calculate the remainder when s is divided by f.
30
Suppose -9 = y + 25. Let m = 51 + y. Suppose -13*z + 6*z = -336. What is the remainder when z is divided by m?
14
Let p be 3*2 + -2 + -2. Suppose 0 = 3*